{"id":20,"date":"2025-11-06T00:17:55","date_gmt":"2025-11-05T18:17:55","guid":{"rendered":"https:\/\/subasta.plan-ca.org\/?page_id=20"},"modified":"2026-01-09T20:55:15","modified_gmt":"2026-01-09T14:55:15","slug":"reembolso_devoluciones","status":"publish","type":"page","link":"https:\/\/subasta.plan-ca.org\/?page_id=20","title":{"rendered":"Condiciones de la subasta"},"content":{"rendered":"\t\t<div data-elementor-type=\"wp-page\" data-elementor-id=\"20\" class=\"elementor elementor-20\">\n\t\t\t\t<div class=\"elementor-element elementor-element-3a4c88e e-flex e-con-boxed e-con e-parent\" data-id=\"3a4c88e\" data-element_type=\"container\">\n\t\t\t\t\t<div class=\"e-con-inner\">\n\t\t\t\t<div class=\"elementor-element elementor-element-239b87d8 elementor-widget elementor-widget-text-editor\" data-id=\"239b87d8\" data-element_type=\"widget\" data-widget_type=\"text-editor.default\">\n\t\t\t\t\t\t\t\t\t\n<p><strong>PLAN INTERNATIONAL HONDURAS<\/strong><\/p>\n<p><strong>SUBASTA P\u00daBLICA EN L\u00cdNEA DE MOBILIARIO<\/strong><\/p>\n<ol>\n<li><strong> Objeto de la Subasta<\/strong><\/li>\n<\/ol>\n<p>La presente subasta tiene por objeto la <strong>venta de mobiliario <\/strong>posterior a proceso de descarte y reposici\u00f3n de activos establecido por<strong> Plan International Honduras <\/strong>seg\u00fan, el manual de Cadena de Suministros.<\/p>\n<ol start=\"2\">\n<li><strong> Bienes a Subastar<\/strong><\/li>\n<\/ol>\n<ul>\n<li>Electrodom\u00e9sticos<\/li>\n<li>Equipos de comunicaciones<\/li>\n<li>Equipos de oficina<\/li>\n<li>Equipos fotogr\u00e1ficos<\/li>\n<li>Equipos inform\u00e1ticos<\/li>\n<li>Mobiliario<\/li>\n<\/ul>\n<p>Todos los productos est\u00e1n ubicados en la ciudad de Tegucigalpa D.C.<\/p>\n<ol start=\"3\">\n<li><strong> Modalidad de Subasta<\/strong><\/li>\n<\/ol>\n<ul>\n<li>La subasta se realizar\u00e1 <strong>en l\u00ednea<\/strong> a trav\u00e9s del portal oficial de Plan International.<\/li>\n<li>Se adjudicar\u00e1 al <strong>oferente que presente la oferta m\u00e1s alta<\/strong>, siempre que cumpla con los requisitos legales.<\/li>\n<\/ul>\n<ol start=\"4\">\n<li><strong> Requisitos de Participaci\u00f3n<\/strong><\/li>\n<\/ol>\n<ul>\n<li>Registro previo en la plataforma electr\u00f3nica <a href=\"https:\/\/subasta.plan-ca.org\">https:\/\/subasta.plan-ca.org<\/a>. ingresando los siguientes datos:<\/li>\n<li>Nombre completo<\/li>\n<li>Tel\u00e9fono<\/li>\n<li>Numero de identidad<\/li>\n<li>Direcci\u00f3n de correo electr\u00f3nico<\/li>\n<li>Contrase\u00f1a<\/li>\n<li>Aceptaci\u00f3n de las bases y condiciones establecidas por Plan International.<\/li>\n<\/ul>\n<ol start=\"5\">\n<li><strong> Inspecci\u00f3n de Bienes<\/strong><\/li>\n<\/ol>\n<ul>\n<li>El mobiliario podr\u00e1 verificarlo en la plataforma en l\u00ednea a trav\u00e9s de fotograf\u00edas alojadas en la misma.<\/li>\n<\/ul>\n<ol start=\"6\">\n<li><strong> Procedimiento de Puja<\/strong><\/li>\n<\/ol>\n<ul>\n<li>Cada inmueble se ofertar\u00e1 con un precio base.<\/li>\n<li>Los participantes podr\u00e1n ingresar ofertas electr\u00f3nicas en tiempo real.<\/li>\n<li>El sistema cerrar\u00e1 la puja el d\u00eda lunes <strong>10 de febrero 2026 a las 5:00 p.m.<\/strong>, adjudicando al mejor oferente.<\/li>\n<\/ul>\n<ol start=\"7\">\n<li><strong> Adjudicaci\u00f3n<\/strong><\/li>\n<\/ol>\n<ul>\n<li>La adjudicaci\u00f3n ser\u00e1 oficializada mediante correo electr\u00f3nico y confirmada a trav\u00e9s de llamada telef\u00f3nica.<\/li>\n<li>Se le notificar\u00e1 la forma de pago y del entrega del equipo adjudicado.<\/li>\n<li>De no obtener respuesta en los siguientes 5 d\u00edas, se proceder\u00e1 adjudicar al segundo mejor oferente y as\u00ed sucesivamente.<\/li>\n<\/ul>\n<ol start=\"8\">\n<li><strong> Pago y Formalizaci\u00f3n<\/strong><\/li>\n<\/ol>\n<ul>\n<li>El adjudicatario deber\u00e1 cancelar el monto adjudicado a trav\u00e9s de transferencia bancaria a la cuenta notificada por Plan International con plazo m\u00e1ximo de 5 d\u00edas posteriores a su adjudicaci\u00f3n.<\/li>\n<li>Para retirar el producto debe presentarse a la bodega de Plan Internacional Honduras en Tegucigalpa D.C. presentando comprobante de transferencia bancaria y documento de Identificaci\u00f3n Nacional (DNI),<\/li>\n<\/ul>\n<ol start=\"9\">\n<li><strong> Disposiciones Finales<\/strong><\/li>\n<\/ol>\n<ul>\n<li>Plan International se reserva el derecho de declarar desierta la subasta si no se presentan ofertas v\u00e1lidas.<\/li>\n<li>Los participantes aceptan que cualquier controversia ser\u00e1 resuelta conforme a la legislaci\u00f3n hondure\u00f1a vigente.<\/li>\n<\/ul>\n<p>\u00a0<\/p>\n<p>\u00a0<\/p>\n\t\t\t\t\t\t\t\t<\/div>\n\t\t\t\t\t<\/div>\n\t\t\t\t<\/div>\n\t\t\t\t<\/div>\n\t\t","protected":false},"excerpt":{"rendered":"<p>PLAN INTERNATIONAL HONDURAS SUBASTA P\u00daBLICA EN L\u00cdNEA DE MOBILIARIO Objeto de la Subasta La presente subasta tiene por objeto la venta de mobiliario posterior a proceso de descarte y reposici\u00f3n de activos establecido por Plan International Honduras seg\u00fan, el manual de Cadena de Suministros. Bienes a Subastar Electrodom\u00e9sticos Equipos de comunicaciones Equipos de oficina Equipos [&hellip;]<\/p>\n","protected":false},"author":1,"featured_media":0,"parent":0,"menu_order":0,"comment_status":"closed","ping_status":"closed","template":"","meta":{"footnotes":""},"class_list":["post-20","page","type-page","status-publish","hentry"],"_links":{"self":[{"href":"https:\/\/subasta.plan-ca.org\/index.php?rest_route=\/wp\/v2\/pages\/20","targetHints":{"allow":["GET"]}}],"collection":[{"href":"https:\/\/subasta.plan-ca.org\/index.php?rest_route=\/wp\/v2\/pages"}],"about":[{"href":"https:\/\/subasta.plan-ca.org\/index.php?rest_route=\/wp\/v2\/types\/page"}],"author":[{"embeddable":true,"href":"https:\/\/subasta.plan-ca.org\/index.php?rest_route=\/wp\/v2\/users\/1"}],"replies":[{"embeddable":true,"href":"https:\/\/subasta.plan-ca.org\/index.php?rest_route=%2Fwp%2Fv2%2Fcomments&post=20"}],"version-history":[{"count":4,"href":"https:\/\/subasta.plan-ca.org\/index.php?rest_route=\/wp\/v2\/pages\/20\/revisions"}],"predecessor-version":[{"id":1020,"href":"https:\/\/subasta.plan-ca.org\/index.php?rest_route=\/wp\/v2\/pages\/20\/revisions\/1020"}],"wp:attachment":[{"href":"https:\/\/subasta.plan-ca.org\/index.php?rest_route=%2Fwp%2Fv2%2Fmedia&parent=20"}],"curies":[{"name":"wp","href":"https:\/\/api.w.org\/{rel}","templated":true}]}}